{"id":1862,"date":"2024-11-25T15:47:46","date_gmt":"2024-11-25T15:47:46","guid":{"rendered":"https:\/\/unioun.lu\/wordpress\/?page_id=1862"},"modified":"2024-11-25T15:47:46","modified_gmt":"2024-11-25T15:47:46","slug":"communique-filmfong","status":"publish","type":"page","link":"https:\/\/unioun.lu\/wordpress\/index.php\/communique-filmfong\/","title":{"rendered":"Communiqu\u00e9 &#8222;Filmfong&#8220;"},"content":{"rendered":"\n<p class=\"has-medium-font-size\">En tant que \u00ab&nbsp;Union des Mouvements de R\u00e9sistance Luxembourgeois asbl&nbsp;\u00bb nous nous permettons de vous informer que nous venons de terminer un long m\u00e9trage d\u2019une dur\u00e9e de 100 minutes retra\u00e7ant fid\u00e8lement l\u2019histoire extraordinaire v\u00e9cue en 1944 par deux jeunes Luxembourgeois qui faisaient partie de la Compagnie des Volontaires et qui avaient \u00e9t\u00e9 enr\u00f4l\u00e9s de force dans la police allemande.<br>Ces deux jeunes hommes courageux, Nic Wolff et Pierre Schaul, qui refus\u00e8rent de pr\u00eater serment \u00e0 Hitler, ont \u00e9t\u00e9 incarc\u00e9r\u00e9s en tant que r\u00e9sistants dans plusieurs ge\u00f4les nazies et furent finalement envoy\u00e9s dans le camp de concentration de Buchenwald. Apr\u00e8s des mois de supplices, ils furent d\u00e9tach\u00e9s dans un camp ext\u00e9rieur de Buchenwald \u00e0 savoir la \u00ab&nbsp;SS-F\u00fchrerschule&nbsp;\u00bb d\u2019Arolsen.&nbsp;<br>Le 4 juin 1944, ils parvinrent \u00e0 s\u2019\u00e9vader, ensemble avec deux autres d\u00e9tenus, l\u2019un polonais et l\u2019autre belge. Ils avaient r\u00e9ussi \u00e0 subtiliser des uniformes SS et \u00e0 r\u00e9parer une voiture d\u2019un m\u00e9decin SS qui avait \u00e9t\u00e9 consid\u00e9r\u00e9e comme inutilisable. Durant leur Odyss\u00e9e incroyable \u00e0 travers l\u2019Allemagne nazie en uniforme SS, les quatre \u00e9vad\u00e9s risquaient \u00e0 plusieurs reprises leur arrestation et leur ex\u00e9cution imm\u00e9diate.&nbsp;<br>L\u2019\u00ab&nbsp;Union des Mouvements de R\u00e9sistance Luxembourgeois asbl&nbsp;\u00bb avait sollicit\u00e9 via \u00ab&nbsp;carte blanche&nbsp;\u00bb un soutien financier de 22.500 \u20ac pour son long m\u00e9trage de docu-fiction, montant maximum pr\u00e9vu pour un projet pareil par le Filmfong pour une asbl. Via un proc\u00e9d\u00e9 bureaucratique extensif nous avons d\u00fb \u00e9tablir un vaste dossier avec moult d\u00e9tails dont un descriptif d\u00e9taill\u00e9 du film. Malgr\u00e9 cet exercice chronophage, nous venons d\u2019apprendre que, par sa d\u00e9cision du 5 juin 2024, le Filmfong nous refuse m\u00eame cette \u00ab somme ridicule&nbsp;\u00bb, un centi\u00e8me en comparaison des deux millions et plus qu\u2019un producteur agr\u00e9\u00e9 par le Filmfong re\u00e7oit de la caisse du contribuable pour un film similaire.&nbsp;<br>Nous sommes choqu\u00e9s par ce refus du Filmfong, sachant que le budget g\u00e9r\u00e9 par le gouvernement concernant le Filmfong est dot\u00e9 annuellement de quelque 42 millions d\u2019euros de deniers publics.&nbsp;<br>Lors d\u2019une entrevue avec le directeur du Filmfong Guy Daleiden nous avions expliqu\u00e9 en long et en large le but, l\u2019histoire et le sc\u00e9nario de notre film. A notre grand \u00e9tonnement M. Daleiden n\u2019encouragea point notre production cin\u00e9matographique et il \u00e9tait m\u00eame d\u2019avis que notre film n\u2019int\u00e9resserait personne. C\u2019est incroyable que le directeur de cet \u00e9tablissement public soit d\u2019avis, qu\u2019au moment du 80e anniversaire de la lib\u00e9ration du Luxembourg, les citoyens ne s\u2019int\u00e9resseraient nullement \u00e0 cette \u00e9poque dramatique de notre histoire.&nbsp;<br>Ce boycott de l\u2019\u00e9tablissement public Filmfong est en contradiction flagrante avec les discours et messages politiques des c\u00e9r\u00e9monies comm\u00e9moratives du D-Day et des comm\u00e9morations au Luxembourg.<\/p>\n\n\n\n<p class=\"has-medium-font-size\">En refusant toute aide financi\u00e8re a une production luxembourgeoise, avec un historique d\u2019une telle valeur et l\u2019engagement de jeunes acteurs luxembourgeois, nous estimons que le Filmfong a failli \u00e0 sa mission de soutenir notre film qui contribue \u00e0 la m\u00e9moire collective de ces ann\u00e9es sombres du Grand-Duch\u00e9.<br>Notre grand souhait est que notre film \u00ab Operatioun Pauly&nbsp;\u00bb, serve d\u2019exemple \u00e0 notre jeunesse \u00e0 une \u00e9poque o\u00f9 l\u2019extr\u00eame droite et le n\u00e9onazisme \u00e9branlent nos d\u00e9mocraties.<\/p>\n\n\n\n<p class=\"has-medium-font-size\">Union des Mouvements de R\u00e9sistance Luxembourgeois ASBL&nbsp;<br>Le comit\u00e9&nbsp;<br>Luxembourg, le 29 juin 2024<\/p>\n","protected":false},"excerpt":{"rendered":"<p>En tant que \u00ab&nbsp;Union des Mouvements de R\u00e9sistance Luxembourgeois asbl&nbsp;\u00bb nous nous permettons de vous informer que nous venons de terminer un long m\u00e9trage d\u2019une dur\u00e9e de 100 minutes retra\u00e7ant fid\u00e8lement l\u2019histoire extraordinaire v\u00e9cue en 1944 par deux jeunes Luxembourgeois qui faisaient partie de la Compagnie des Volontaires et qui avaient \u00e9t\u00e9 enr\u00f4l\u00e9s de force [&hellip;]<\/p>\n","protected":false},"author":1,"featured_media":0,"parent":0,"menu_order":0,"comment_status":"closed","ping_status":"closed","template":"","meta":{"ocean_post_layout":"","ocean_both_sidebars_style":"","ocean_both_sidebars_content_width":0,"ocean_both_sidebars_sidebars_width":0,"ocean_sidebar":"","ocean_second_sidebar":"","ocean_disable_margins":"enable","ocean_add_body_class":"","ocean_shortcode_before_top_bar":"","ocean_shortcode_after_top_bar":"","ocean_shortcode_before_header":"","ocean_shortcode_after_header":"","ocean_has_shortcode":"","ocean_shortcode_after_title":"","ocean_shortcode_before_footer_widgets":"","ocean_shortcode_after_footer_widgets":"","ocean_shortcode_before_footer_bottom":"","ocean_shortcode_after_footer_bottom":"","ocean_display_top_bar":"default","ocean_display_header":"default","ocean_header_style":"","ocean_center_header_left_menu":"","ocean_custom_header_template":"","ocean_custom_logo":0,"ocean_custom_retina_logo":0,"ocean_custom_logo_max_width":0,"ocean_custom_logo_tablet_max_width":0,"ocean_custom_logo_mobile_max_width":0,"ocean_custom_logo_max_height":0,"ocean_custom_logo_tablet_max_height":0,"ocean_custom_logo_mobile_max_height":0,"ocean_header_custom_menu":"","ocean_menu_typo_font_family":"","ocean_menu_typo_font_subset":"","ocean_menu_typo_font_size":0,"ocean_menu_typo_font_size_tablet":0,"ocean_menu_typo_font_size_mobile":0,"ocean_menu_typo_font_size_unit":"px","ocean_menu_typo_font_weight":"","ocean_menu_typo_font_weight_tablet":"","ocean_menu_typo_font_weight_mobile":"","ocean_menu_typo_transform":"","ocean_menu_typo_transform_tablet":"","ocean_menu_typo_transform_mobile":"","ocean_menu_typo_line_height":0,"ocean_menu_typo_line_height_tablet":0,"ocean_menu_typo_line_height_mobile":0,"ocean_menu_typo_line_height_unit":"","ocean_menu_typo_spacing":0,"ocean_menu_typo_spacing_tablet":0,"ocean_menu_typo_spacing_mobile":0,"ocean_menu_typo_spacing_unit":"","ocean_menu_link_color":"","ocean_menu_link_color_hover":"","ocean_menu_link_color_active":"","ocean_menu_link_background":"","ocean_menu_link_hover_background":"","ocean_menu_link_active_background":"","ocean_menu_social_links_bg":"","ocean_menu_social_hover_links_bg":"","ocean_menu_social_links_color":"","ocean_menu_social_hover_links_color":"","ocean_disable_title":"default","ocean_disable_heading":"default","ocean_post_title":"","ocean_post_subheading":"","ocean_post_title_style":"","ocean_post_title_background_color":"","ocean_post_title_background":0,"ocean_post_title_bg_image_position":"","ocean_post_title_bg_image_attachment":"","ocean_post_title_bg_image_repeat":"","ocean_post_title_bg_image_size":"","ocean_post_title_height":0,"ocean_post_title_bg_overlay":0.5,"ocean_post_title_bg_overlay_color":"","ocean_disable_breadcrumbs":"default","ocean_breadcrumbs_color":"","ocean_breadcrumbs_separator_color":"","ocean_breadcrumbs_links_color":"","ocean_breadcrumbs_links_hover_color":"","ocean_display_footer_widgets":"default","ocean_display_footer_bottom":"default","ocean_custom_footer_template":"","footnotes":""},"class_list":["post-1862","page","type-page","status-publish","hentry","entry"],"jetpack_sharing_enabled":true,"_links":{"self":[{"href":"https:\/\/unioun.lu\/wordpress\/index.php\/wp-json\/wp\/v2\/pages\/1862","targetHints":{"allow":["GET"]}}],"collection":[{"href":"https:\/\/unioun.lu\/wordpress\/index.php\/wp-json\/wp\/v2\/pages"}],"about":[{"href":"https:\/\/unioun.lu\/wordpress\/index.php\/wp-json\/wp\/v2\/types\/page"}],"author":[{"embeddable":true,"href":"https:\/\/unioun.lu\/wordpress\/index.php\/wp-json\/wp\/v2\/users\/1"}],"replies":[{"embeddable":true,"href":"https:\/\/unioun.lu\/wordpress\/index.php\/wp-json\/wp\/v2\/comments?post=1862"}],"version-history":[{"count":1,"href":"https:\/\/unioun.lu\/wordpress\/index.php\/wp-json\/wp\/v2\/pages\/1862\/revisions"}],"predecessor-version":[{"id":1863,"href":"https:\/\/unioun.lu\/wordpress\/index.php\/wp-json\/wp\/v2\/pages\/1862\/revisions\/1863"}],"wp:attachment":[{"href":"https:\/\/unioun.lu\/wordpress\/index.php\/wp-json\/wp\/v2\/media?parent=1862"}],"curies":[{"name":"wp","href":"https:\/\/api.w.org\/{rel}","templated":true}]}}